 by 134?
111
Suppose 7*o - 4*o + 120 = 0. Let v be 218/(-8) - (-30)/o. Let j = -27 - v. Calculate the remainder when j is divided by 1.
0
Let d(o) = 3*o**2 + 11*o - 79. What is the remainder when d(10) is divided by 71?
47
Suppose 2*s + 38 = -52. What is the remainder when (-10220)/(-150) - (-6)/s is divided by 14?
12
Let d be 0/(2 - 12/3). Suppose -3*f = 3*n - 78, 2*f - 5*n - 73 = -d*n. Let m = 160 - 150. What is the remainder when f is divided by m?
9
Suppose -3*l = 2*a - 10, -2*l - 2*a + 7*a = -13. Suppose 2*j - 392 = -l*y, 4*j - 3*y = 2*j + 399. Calculate the remainder when j is divided by 51.
45
Let n be (11/1)/(14/(-154)). Let z = n + 176. Suppose -93 = -3*f + 3*b, -4*b + 17 = 3*f - z. What is the remainder when 54 is divided by f?
26
Suppose 3*t - 3 = 0, 1139 = -14*f + 17*f + 5*t. Calculate the remainder when f is divided by 3.
0
Let g = 512 + -271. Suppose -59*f = 4*d - 56*f - g, d = 3*f + 49. Calculate the remainder when 811 is divided by d.
57
Suppose -5*v = -8*v + 84. Let n = -139 + 149. Calculate the remainder when v is divided by n.
8
What is the remainder when 5/3*11/(264/2808) is divided by 121?
74
Let w = 68 - 67. Let t be 0/(-6 + w) + -3. What is the remainder when t + (3 + -6 - 8)*-3 is divided by 18?
12
Suppose -2*g + 4*a = -232, 123*g - 118*g + 5*a = 520. What is the remainder when 239 is divided by g?
23
Suppose 3*r - 28*r + 1650 = 0. Suppose -7*w + 144 = 25. What is the remainder when r is divided by w?
15
Let k(v) = v**2 + 8*v - 86. Calculate the remainder when 348 is divided by k(-17).
13
Let g(i) = -55*i + 113. What is the remainder when g(-13) is divided by 26?
22
Let b be (-16)/6 - 9863/(-21). Suppose 708 = 3*w + k, b = -w + 3*w - k. What is the remainder when w is divided by 34?
31
Let l be 22/(-3)*201/(-2). Suppose -3*p + 53 + 202 = q, l = 3*q - 5*p. What is the remainder when q is divided by 12?
9
Let j(z) = -z**3 - z**2 + 6*z - 57. Suppose 0 = 3*n - 0*d - 2*d - 274, d = -2*n + 171. What is the remainder when n is divided by j(-5)?
10
Let i(w) = 3*w**2 + 4*w - 135. Calculate the remainder when i(11) is divided by 28.
20
Let k(u) = 11*u - 2. Suppose 11*j - 21 = 78. Calculate the remainder when k(8) is divided by j.
5
Let s be (1/(-1) - 1) + 4. Let p(w) = 2*w - 12. Calculate the remainder when (-197)/(-5) - s/5 is divided by p(10).
7
Let w(h) = h**3 + 6*h**2 + 3*h - 5. Let g = 8 + -8. Let f be -2 - 0 - 3 - g. Calculate the remainder when 29 is divided by w(f).
4
Let h = 546 - 212. Calculate the remainder when h is divided by 58.
44
Suppose 2*q - 3*p - 2*p - 350 = 0, -q - p + 161 = 0. Calculate the remainder when 219 is divided by (1/(-18)*-12)/(2/q).
54
Suppose -5*q - 2*s = -2*q + 2, q = s + 6. Let y = -1922 + 1926. What is the remainder when 41/3 + q/(-3) is divided by y?
1
Let n(r) = -7*r + 2. Let t be 1/((9/135)/(1/1)). Let c be (-3)/(t/(-9) - 1 - -3). Calculate the remainder when n(c) is divided by 23.
19
Let v(u) = 5*u**2 - 41*u - 295. Calculate the remainder when 999 is divided by v(16).
12
Let t = -311 - -276. Calculate the remainder when (-4310)/t*(-70)/(-20) is divided by 48.
47
Suppose 0 = -3*d - 5*u + 179, -5*u = 5*d - 121 - 164. What is the remainder when 161 is divided by d?
2
Suppose 4*k + 18 = -2*j + 4*j, 4*k - 17 = -5*j. Calculate the remainder when 16 + 54 - (k + 3)*-2 is divided by 15.
12
Let i = 22384 - 22346. Let r(q) = 106*q**2 - q. What is the remainder when r(-1) is divided by i?
31
Suppose b + 1 = -t, 18*t - 16*t - 5*b - 19 = 0. Suppose -6*q - 10 = -8*q + t*n, 0 = 4*q + 3*n - 41. Calculate the remainder when 21 is divided by q.
5
Let t(n) = -4*n**2 - 89*n - 9. Let h be t(-8). Let i = h - 426. What is the remainder when i is divided by 13?
8
Let b be (-10045)/(-196) - ((-9)/12)/1. Suppose -4*k - b + 25 = -f, 4*f + 2*k - 198 = 0. What is the remainder when f is divided by 8?
7
Suppose -s = -3*s + 10. What is the remainder when 1 + -4 + 1 + 1350/135 is divided by s?
3
Let v(o) = -o**2 - 9*o + 81. Let j be v(-25). Let n = 401 + j. Calculate the remainder when n is divided by 22.
16
Let k be (3 - -28)/(12/12). Calculate the remainder when 38 is divided by k + (-13)/((-104)/(-32)).
11
Suppose -12*s + 48*s - 468 = 972. Calculate the remainder when 2279 is divided by s.
39
Suppose 0 = 7*w - 30 + 2. Let i be (w/(-8))/((6/164)/(-3)). Let z = i + -23. Calculate the remainder when 124 is divided by z.
16
Suppose 0 = -3*k + 4*s - 148, 5*k + 0*k + 241 = s. Let x = 58 - k. Let m = -83 + x. Calculate the remainder when m is divided by 8.
7
Let j = -159 - -176. Calculate the remainder when 2869 is divided by j.
13
Let t(y) = y + 12. Let j be t(-7). Suppose j*a = -0*a + 255. What is the remainder when a is divided by (-2)/(-12) - 231/(-18)?
12
Let a(g) = -g**3 + 57*g**2 - 63*g + 407. Suppose -8 = -2*d - s, 5*d - s - 22 = -4*s. What is the remainder when a(56) is divided by d?
1
Suppose 0 = -86*u + 111*u - 2675. What is the remainder when 11874 is divided by u?
104
Suppose -4*o = -v + 6*v + 7, -v = -5*o + 13. Calculate the remainder when 116 is divided by o.
0
Suppose -3*o = -5*h + 14, 3*o + 1 + 6 = -2*h. Let t be o/2*8/(-6). Suppose 0 = t*q + 13 - 31. What is the remainder when q is divided by 3?
0
Let h = 153 - 141. Calculate the remainder when 102 is divided by h/9 + 41/3.
12
Let x = 2856 - 2836. Let g be ((-3)/(-2))/(3/8). Suppose -2*r + 22 = 5*p, -x + 6 = -r - g*p. Calculate the remainder when 23 is divided by r.
5
Let r(m) = -104*m + 1932. What is the remainder when r(18) is divided by (-1)/3 + 172/12?
4
Suppose -10*p + 676 = -14. Calculate the remainder when p is divided by 24.
21
Let f = -1366 + 1825. Calculate the remainder when f is divided by 78.
69
Let n = -35 + 48. Let u = -2411 - -2517. What is the remainder when u is divided by n?
2
What is the remainder when -708*(-4)/(-12)*(-3 + 1) is divided by 166?
140
Let u(n) = -2*n**2 + 27*n + 19. Let g(x) = -x**2 - 11*x - 6. Let d be g(-9). Calculate the remainder when u(d) is divided by 15.
10
Suppose 0 = -d - 0 - 2. Let v be (-1 + 3)/(1 - (2 + d)). Suppose 5*j - 60 = i, -v*j - 2*j + 4*i + 32 = 0. What is the remainder when 35 is divided by j?
9
Suppose 16*c = 10*c + 162. Suppose -c*s + 80 = -11*s. What is the remainder when 1/(((-4)/(-26))/2) is divided by s?
3
Suppose y + 0*y - 3 = -n, 3 = y - 3*n. Suppose 4*g - 21 = y*g + 3*c, -132 = -4*g - 4*c. What is the remainder when 132 is divided by g?
12
Suppose b = 4 - 3, 2*s + 4*b - 220 = 0. Let z(k) = -2*k**3 + 2*k**2 - 2. Let i be z(2). What is the remainder when s is divided by (-31 + 6)*4/i?
8
Suppose 4*j - 47*g = -46*g + 681, -2*j = 5*g - 357. What is the remainder when 2212 is divided by j?
160
Suppose -4*a + 1796 = 4*m, 0 = 134*a - 132*a + 5*m - 871. What is the remainder when a is divided by 132?
62
Let n(t) = -4*t**2 - 2*t - 7. Let g(w) = 3*w**2 + 5*w + 7. Let h(l) = -3*g(l) - 2*n(l). What is the remainder when 200 is divided by h(-8)?
13
Suppose -3*i - 220 = c - 287, 0 = 4*c + i - 125. Let d = 92 - 66. What is the remainder when c is divided by d?
2
Suppose -3*i + 0*n = -n - 141, -5*i + 242 = -4*n. Suppose -i*t + 53*t - 238 = 0. Calculate the remainder when 678 is divided by t.
32
Let f = -156 + 250. Suppose -97*x + f*x = -6. Suppose 2*o - 4*o - 134 = -5*b, 44 = x*b + 4*o. Calculate the remainder when 99 is divided by b.
21
Let j(s) = 5*s + 67. Let u be j(19). Suppose r + w - u = 0, w + 0*w - 660 = -4*r. What is the remainder when r is divided by 7?
5
Let f = 1366 - 936. Calculate the remainder when f is divided by 59 + (-15 - (14 + -18)).
46
Suppose 32*m - 28*m - d - 564 = 0, -m = d - 136. What is the remainder when 1256 is divided by m?
136
Calculate the remainder when 2831 is divided by -5*(-16)/80*(-1 - 330/(-3)).
106
Suppose 0 = -66*w + 43*w + 18308. Calculate the remainder when w is divided by 7.
5
Suppose 472*r - 322 = 458*r. What is the remainder when 1494 is divided by r?
22
Suppose -4*v + 611 = -a, 0 = -5*a + 6 - 1. Let l = 185 - v. Suppose 5*i - 10*i + 60 = 0. Calculate the remainder when l is divided by i.
8
Suppose -o = 4*c - 140, -5*o + 6*o - c = 145. Suppose -o = -16*w + 8*w. What is the remainder when (-1385)/(-20) - (-1)/(-4) is divided by w?
15
Let d = -2471 + 2482. What is the remainder when 106 is divided by d?
7
Suppose 2*z - 382 + 8 = 6*d, -4*d = 4*z - 780. Calculate the 